 = 5*g - 9 + 39. Let w = 17 + g. Calculate the remainder when 20 is divided by w.
9
Let h = 16 - -9. Calculate the remainder when h is divided by 7.
4
Suppose 0 = -4*p - 2*f + 98, 34 = -2*p + 4*p - 4*f. Let q = -31 - -43. Calculate the remainder when p is divided by q.
11
Let l = 41 - 15. What is the remainder when 101 is divided by l?
23
Let h = 17 + -14. Suppose 0 = -3*u - 3*t + 27, -h*u + 3 + 16 = -t. What is the remainder when 27 is divided by u?
6
Calculate the remainder when (-4)/(-14) - 481/(-7) is divided by 24.
21
Suppose -6*a + a + 4*h - 116 = 0, 0 = -4*a + h - 95. Calculate the remainder when 4 is divided by (-8)/a + 10/6.
0
Let d(n) = 2*n**3 + n**2 - n + 1. Let p be d(-2). What is the remainder when 2 is divided by 6/1*(-3)/p?
0
Suppose -2*t - 2*t - x + 13 = 0, -5*x - 15 = 0. Let p = 21 + t. What is the remainder when p is divided by 13?
12
Let y = 0 + 13. Let c = y + 15. What is the remainder when c is divided by 15?
13
Let q(f) = f**2 - 8*f - 12. Calculate the remainder when q(13) is divided by 19.
15
Suppose 0 = 4*v - 3*v - 4. Suppose w - 52 = -5*z, v*w - 92 - 182 = 2*z. What is the remainder when w is divided by 17?
16
Let s = 31 - 21. Let o(r) = -r**2 - 12*r - 8. Let v = 4 + -10. What is the remainder when o(v) is divided by s?
8
Let f be (18/(-3))/((-3)/(-16)). Let v = f - -55. What is the remainder when v is divided by 8?
7
Let o(j) be the third derivative of -j**5/60 - 5*j**4/24 + 7*j**3/6 - 3*j**2. Suppose 0 = r + 3*r - 16. What is the remainder when o(-5) is divided by r?
3
Let r be 2/9 + (-52)/(-9). Suppose 0 = -d + 5*z - 1, 0 = -r*d + 5*d + 2*z + 8. Calculate the remainder when (-1 + (-2)/4)*-18 is divided by d.
13
Let h(y) = 3*y**2 + 20*y - 1. Calculate the remainder when h(-9) is divided by 21.
20
Suppose 59 = 3*z - b, -2*b + 71 = 3*z - 0*b. What is the remainder when z is divided by 8?
5
Let o(d) = -2*d - 2. Let q be o(-4). Suppose q*h = 2*h + 12. Let p(y) = y**2 + 18*y + 4. What is the remainder when p(-18) is divided by h?
1
Let a = -7 + 9. Let s be -4*((-7)/a - -3). Calculate the remainder when 3 is divided by 25/10 - s/4.
1
Suppose -12 = t + 3*c, -4*c = 3*t + 1 + 15. Suppose 0 = 2*r - t*r - 48. Calculate the remainder when 71 is divided by r.
23
Suppose w = t, -2*w + 20 = -t + 3*w. Suppose f - 19 = -t. Calculate the remainder when 39 is divided by f.
11
Let i = 87 - 85. Calculate the remainder when 4 is divided by i.
0
Calculate the remainder when 6*-2*(-2 + 168/(-18)) is divided by 23.
21
Suppose -280 = -3*v - v. What is the remainder when v is divided by 25?
20
Let q = 16 + -30. Let f be 12/42 + 32/q. What is the remainder when 90/25 - f/5 is divided by 2?
0
Let q be (5 - 2)/(-3) + 4. Suppose -2*k = -13 + q. What is the remainder when 17 is divided by k?
2
Let g(v) = -4*v - 5. Let l(s) = -4*s - 4. Let y(i) = -4*g(i) + 5*l(i). Let r(o) = -o**3 + 5*o**2 + o - 5. Calculate the remainder when r(4) is divided by y(-2).
7
Let v(t) = 3*t**2 - 3*t + 3. What is the remainder when v(5) is divided by 11?
8
Let h(s) = s**2 - 10. Let l(z) = z**3 - 8*z**2 + 10*z - 5. Calculate the remainder when l(7) is divided by h(4).
4
Suppose -o + 10 - 4 = 0. Suppose -18 = -3*b + 48. Suppose 3*s + b = 5*s. Calculate the remainder when s is divided by o.
5
Let v = -49 - -53. What is the remainder when 4 is divided by v?
0
Let z = -27 - -56. What is the remainder when z is divided by 8?
5
Let m(j) = -j**2 + 11*j - 13. Let u be m(9). Suppose 3*r = u*r - 26. What is the remainder when r is divided by 7?
6
Suppose -61 = -3*v + 2. What is the remainder when v is divided by 12?
9
Let u(g) = -7*g + 9 + 3*g**2 - 2 - 4*g**2. Calculate the remainder when 37 is divided by u(-6).
11
Let h = -111 - -126. What is the remainder when 89 is divided by h?
14
Let l be 162/9*2/4. Let b(w) = w**3 - 2*w**2 - 3*w + 2. Let r be b(3). What is the remainder when -3 + l - (r - 1) is divided by 4?
1
Calculate the remainder when 67/6 + 5/(-30) is divided by 5.
1
Suppose r = -0*r + 58. Let w be (-1 - 2) + r/2. Suppose w = -0*h + h. What is the remainder when h is divided by 7?
5
Suppose 3*o - 5 + 4 = -b, 2*o - 5*b + 5 = 0. Suppose k + f = 17, 4*k - k - 3*f - 69 = o. What is the remainder when 59 is divided by k?
19
Suppose -5*h - 4*t = -t - 165, 130 = 5*h - 4*t. Suppose -5*v = -15 - h. What is the remainder when v is divided by 6?
3
What is the remainder when 0 + (-3)/(-2)*20 is divided by 16?
14
Let q(h) = -10*h + 4. Suppose 122 = 2*p + r, -5*p - r - 6 + 314 = 0. Suppose 0 = 3*n - p + 8. Calculate the remainder when q(-3) is divided by n.
16
Let t(b) = b**3 - 7*b**2 - 8*b + 1. Let y be t(8). Suppose -3*i + 20 = -3*z - 4, -2*z + 2 = i. Calculate the remainder when y/((-1)/32*-2) is divided by i.
4
Let n = 11 + 1. Suppose -4*i + n + 20 = 0. Calculate the remainder when 15 is divided by i.
7
Suppose -l + 3*l - 5*h - 6 = 0, 0 = -5*l + 5*h + 15. Suppose l = k - 0*k. Let r(b) = 5*b**2 + 2. Calculate the remainder when r(k) is divided by 16.
15
Let s(c) = -67*c + 16. Calculate the remainder when s(-3) is divided by 22.
19
Suppose 0*h = 3*h + r - 52, -5*h + 4*r = -98. What is the remainder when 10/((-3)/(h/(-4))) is divided by 6?
3
Suppose 8 = u - 5*u. Suppose b - 9 = -0*b. Calculate the remainder when (-29)/u - 12/(-8) is divided by b.
7
Let g(h) = -9*h - 5. Let a(f) = f + 14. Calculate the remainder when g(-2) is divided by a(-10).
1
Suppose -m = -4*h + 16, 4*m + 0*h + 4*h = 36. Suppose 2*t = 4*t + 4, -m*g + 5*t = -182. Calculate the remainder when g is divided by 22.
21
Calculate the remainder when 41 is divided by (2 + 0/1)*7.
13
Suppose -3*o - o + 5*z + 76 = 0, 3*o + 5*z - 22 = 0. Calculate the remainder when 38 is divided by o.
10
Suppose -4*h + 44 = 8. Calculate the remainder when 78 is divided by h.
6
Suppose 51 = 4*r + 3. Calculate the remainder when 23 is divided by r.
11
Suppose 1 = -5*l + 11. Let b = l + 3. What is the remainder when 18 is divided by b?
3
Suppose 0 = 4*t + 16, -s + 2*t - t + 11 = 0. Calculate the remainder when ((-4)/(-6))/(4/66) is divided by s.
4
Let y(k) = -k**2 - 21*k - 37. What is the remainder when y(-17) is divided by 16?
15
Let j(h) = 5*h**3 + h + 1. What is the remainder when 169 is divided by j(2)?
40
Let a = -18 - -23. Calculate the remainder when 14 is divided by a.
4
Let v(b) = -b**3 + 7*b**2 + 9*b - 2. Let n be v(8). Suppose -5*y = 3*o - 24, n = 3*y - 3. Let t = -111 - -116. Calculate the remainder when t is divided by o.
2
Let g be (-8)/(-32) + (-30)/(-8). Suppose -2*f - a + 43 = -g*a, 2*f - 37 = -3*a. What is the remainder when 39 is divided by f?
19
Let s(h) = h - 5. Let p be s(9). Suppose -p = -4*x + 12. Suppose -j + 18 = 2*j. Calculate the remainder when j is divided by x.
2
Let z = -2 + 12. Suppose 2*u = f + z - 3, -4*f = -5*u + 13. Calculate the remainder when f is divided by 1.
0
Let x(w) = w**2 + 4*w - 4. Let m be x(-5). Let j(z) = 13*z**3 + 2*z**2 - z. Calculate the remainder when j(m) is divided by 8.
6
What is the remainder when (-644)/(-18) + (-10)/(-45) is divided by 11?
3
Suppose 0 = 8*w - 41 - 23. Calculate the remainder when 69 is divided by w.
5
Let o = 68 + -47. Suppose 14 = -3*k + 194. What is the remainder when k is divided by o?
18
Suppose -37*w + 33*w = -20. Suppose -w*k - 5*o + 45 = 0, 2*k + 19 = 4*k + o. What is the remainder when 38 is divided by k?
8
Let i be -1*-7*(1 - 0). Let n = -1 + i. Calculate the remainder when 17 is divided by n.
5
Calculate the remainder when 78 is divided by (-12)/(3 + 30/(-8)).
14
Suppose -5*t = -0*t - 75. Let l be (-12)/5*15/(-3). Suppose 0 = -3*v - 0*v + l, 4*b = -v + 112. Calculate the remainder when b is divided by t.
12
Suppose -j - 4*j + 15 = 0. Suppose 0 = -j*n + 8 + 43. What is the remainder when n is divided by 10?
7
Let j = -3 - -5. Let g be 0/j + (-8)/(-4). Suppose -i + 84 = g*i. What is the remainder when i is divided by 15?
13
Let n be 0 + 2*2 + -1. Suppose -3*f - n*o + 45 = 0, -f - 3*f + 4*o = -20. What is the remainder when f is divided by (-3)/(-3 + 2) + 1?
2
Let c = -3 - -5. Suppose 0*i - c*i + 52 = 0. Calculate the remainder when i is divided by 14.
12
Suppose -4*w + 115 - 41 = 5*o, 4*w - 46 = -3*o. Suppose b - o = 29. Calculate the remainder when b is divided by (30/8)/(1/4).
13
Suppose 5*f - 90 = -30. Suppose -4*m = -5*k + 2*k + 11, -4*m - 2*k - 6 = 0. L